*x + 5. Give c(19).
43
Let z(a) = -2*a**2 + 70*a + 139. Determine z(37).
-9
Let x(v) = -274*v**3 + 2*v**2 + v - 4. What is x(1)?
-275
Let a(q) = -q**3 - 32*q**2 + 276*q + 119. What is a(-39)?
2
Let g(f) = 4*f**2 - 159*f - 43. Determine g(40).
-3
Let p(z) = 4*z**2 + 153*z + 1047. Determine p(-9).
-6
Let s(p) = -75*p + 1528. Calculate s(21).
-47
Let p(i) = 186*i**3 - i**2 + 5*i + 5. What is p(-1)?
-187
Let d(c) = -c**3 + c**2 + 18*c + 43. Calculate d(-5).
103
Let o(i) = -81*i - 2124. What is o(-26)?
-18
Let b(m) = 10*m**2 - 360*m + 18. Determine b(36).
18
Let f(r) = 2*r**3 + 11*r**2 + 2*r + 14. Give f(-4).
54
Let a(c) = 553*c - 40919. Give a(74).
3
Let a(c) = 4*c**2 + 87*c + 250. What is a(-3)?
25
Let n(k) = 8*k**2 - 20*k - 55. Calculate n(4).
-7
Let v(c) = -c**3 - 38*c + 140. Calculate v(4).
-76
Let c(i) = 364*i + 404. Give c(-1).
40
Let b(n) = 113*n - 3400. Calculate b(30).
-10
Let n(g) = g**3 - 12*g**2 + 27*g - 70. Calculate n(10).
0
Let t(n) = n**3 - 9*n**2 - 4*n + 37. Give t(7).
-89
Let b(v) = 84*v + 261. Determine b(-9).
-495
Let q(a) = -72*a + 576. Determine q(8).
0
Let a(d) = -31*d + 7. What is a(1)?
-24
Let x(d) = d**2 - 110*d + 684. What is x(7)?
-37
Let s(g) = -9*g - 264. Calculate s(0).
-264
Let n(h) = 2448*h + 805393. Give n(-329).
1
Let m(y) = 4*y**3 - 38*y**2 + 57*y - 90. Determine m(8).
-18
Let m(o) = -238*o - 5. Determine m(-1).
233
Let y(q) = 2*q**3 + 13*q**2 - 19*q + 36. Calculate y(-8).
-4
Let g(h) = 4405*h - 123337. Determine g(28).
3
Let x(m) = 111*m - 421. Calculate x(4).
23
Let d(n) = 10*n**3 - n**2 + 5*n - 4. Give d(1).
10
Let r(z) = 3*z**2 - 15*z - 14. Give r(6).
4
Let a(s) = 59*s**2 + 2237*s - 191. Determine a(-38).
-1
Let z(l) = 22*l**2 + 19. Determine z(4).
371
Let f(m) = 2*m**2 - 183*m - 11. Calculate f(0).
-11
Let j(c) = -59*c - 542. Determine j(7).
-955
Let u(o) = -99*o + 1491. Calculate u(15).
6
Let t(o) = o**3 - 390*o**2 + 4177*o - 82. Calculate t(11).
6
Let t(s) = s**3 + 11*s**2 + 40*s + 49. Calculate t(-5).
-1
Let v(s) = s**3 + 43*s**2 + 75*s + 84. Calculate v(-41).
371
Let l(o) = -3*o**3 + 34*o**2 + 24*o - 19. Give l(12).
-19
Let v(u) = -53*u + 8109. Calculate v(153).
0
Let n(s) = 4*s**2 + 84*s + 150. Determine n(-19).
-2
Let x(k) = 9*k**2 - 16*k - 48. Give x(-3).
81
Let s(f) = 3*f**3 + 63*f**2 + 55*f - 65. Determine s(-20).
35
Let o(j) = 88*j + 5735. Give o(-65).
15
Let i(l) = l**3 - 7*l**2 - 10*l + 7. Calculate i(5).
-93
Let d(t) = -t**3 + 40*t**2 - 35*t + 80. Determine d(39).
236
Let o(y) = -y**3 - 33*y**2 + 191*y + 23. Give o(-38).
-15
Let m(f) = -2*f**2 - 245*f - 311. Give m(0).
-311
Let u(r) = -105*r - 247. Calculate u(-2).
-37
Let j(t) = 1220*t + 7344. Calculate j(-6).
24
Let s(u) = -2*u**3 - 22*u**2 + 366*u + 4027. Calculate s(-11).
1
Let d(p) = -p**2 + 191*p - 921. What is d(5)?
9
Let a(w) = -w**3 + 9*w**2 + 22*w - 204. Determine a(8).
36
Let v(f) = f**3 + 9*f**2 + 2*f - 45. Give v(-8).
3
Let m(l) = -l**3 - 35*l**2 - 29*l - 1000. Determine m(-35).
15
Let s(h) = -290*h - 5200. What is s(-18)?
20
Let r(q) = q**3 + 14*q**2 + 18*q - 6. Calculate r(-9).
237
Let t(b) = 35*b + 809. Calculate t(-20).
109
Let m(b) = b**3 + 13*b**2 - 67*b + 52. What is m(1)?
-1
Let l(a) = 1546*a - 12567. Calculate l(8).
-199
Let g(j) = -j**2 - 5*j + 146. Calculate g(7).
62
Let q(j) = j**2 - 45*j + 16. Calculate q(44).
-28
Let h(c) = 89*c - 832. Determine h(10).
58
Let t(u) = 2*u**3 + 124*u**2 + 117*u - 356. Calculate t(-61).
-51
Let z(p) = -100*p - 96. Determine z(0).
-96
Let r(d) = -3*d**3 + 551*d**2 + 180*d + 729. What is r(184)?
-7
Let s(u) = -24*u**3 - 12*u**2 + 23*u. Determine s(2).
-194
Let f(c) = 24*c + 882. What is f(-36)?
18
Let m(x) = 93*x - 3628. Determine m(39).
-1
Let n(b) = 57*b + 2. Determine n(-1).
-55
Let f(g) = -555*g - 4434. Determine f(-8).
6
Let v(n) = 2*n**2 - 38*n - 271. Give v(-7).
93
Let o(q) = -2*q**3 + 14*q**2 - 5*q - 63. Give o(4).
13
Let i(n) = -8*n**2 - 20*n + 1497. What is i(-15)?
-3
Let r(z) = -852*z - 2547. Determine r(-3).
9
Let c(y) = -922*y + 1841. What is c(2)?
-3
Let s(r) = -r**3 - 28*r**2 - 182*r + 101. Determine s(-12).
-19
Let v(y) = -202*y - 18984. What is v(-94)?
4
Let i(x) = -161*x**2 - 345*x - 2. Determine i(-3).
-416
Let l(b) = -433*b**2 + 425*b. Calculate l(1).
-8
Let o(d) = 2175*d + 39128. Determine o(-18).
-22
Let b(l) = -63*l + 21. What is b(1)?
-42
Let v(q) = 127*q + 4060. What is v(-32)?
-4
Let o(f) = -33*f - 309. Determine o(-9).
-12
Let c(s) = s**2 - 137*s + 4071. What is c(44)?
-21
Let d(p) = p**3 + p**2 + 25*p - 13. What is d(0)?
-13
Let g(x) = -x**3 + 23*x**2 + 73*x + 317. Determine g(26).
187
Let b(k) = 49*k - 2433. Determine b(50).
17
Let f(d) = -37*d - 45. Calculate f(-4).
103
Let z(s) = 5*s**2 + 129*s - 309. Give z(-28).
-1
Let o(d) = -d**3 + 7*d**2 + 13*d - 49. Calculate o(5).
66
Let z(p) = -97*p**2 - 524*p + 343. Calculate z(-6).
-5
Let h(r) = 82*r - 9836. What is h(120)?
4
Let o(f) = 37*f - 2. Give o(5).
183
Let k(m) = 21*m - 1355. Determine k(47).
-368
Let h(o) = 516*o + 31478. What is h(-61)?
2
Let f(i) = -5*i**2 - 84*i + 846. Give f(7).
13
Let r(c) = 4*c**2 - 25*c - 159. Determine r(-6).
135
Let g(d) = -d**3 - 30*d**2 + 35*d + 104. Give g(-31).
-20
Let h(j) = j**3 + 16*j**2 - 181*j + 2056. Give h(-26).
2
Let y(z) = z**2 + 23*z - 317. Calculate y(-30).
-107
Let z(v) = 41*v**2 + 12*v - 398. Determine z(3).
7
Let z(y) = 3900*y + 31182. Calculate z(-8).
-18
Let d(v) = 3*v**3 - 17*v**2 - 3*v + 13. Determine d(8).
437
Let f(h) = -61*h - 23. Determine f(2).
-145
Let k(g) = 295*g - 16230. Give k(55).
-5
Let x(p) = -71*p + 569. Give x(8).
1
Let f(g) = 699*g - 4019. What is f(6)?
175
Let z(d) = -79*d - 519. Calculate z(-14).
587
Let q(j) = -7*j**3 - 35*j - 100. Calculate q(-3).
194
Let u(c) = -c**3 - 60*c**2 - 272*c + 62. Calculate u(-55).
-103
Let u(t) = -8*t - 653. Determine u(-82).
3
Let m(i) = -18*i + 819. Determine m(43).
45
Let k(o) = o**3 + 12*o**2 - 13*o. What is k(-13)?
0
Let p(d) = -11*d**2 + 408*d - 51. Give p(37).
-14
Let n(r) = -27*r + 2069. What is n(78)?
-37
Let o(z) = -4*z**3 - 9*z**2 - 20*z - 16. Calculate o(-2).
20
Let k(o) = -o**2 + 10*o + 38. Determine k(7).
59
Let w(r) = 465*r + 277. Give w(-1).
-188
Let r(w) = 173*w + 953. Give r(-5).
88
Let q(h) = 2424*h + 26694. What is q(-11)?
30
Let t(r) = 499*r + 495. Determine t(-1).
-4
Let p(t) = 6*t - 98. Calculate p(6).
-62
Let i(f) = -f**3 - 52*f**2 - 60*f - 465. Determine i(-51).
-6
Let j(x) = -59*x + 40. Give j(3).
-137
Let d(h) = 3*h - 197. What is d(27)?
-116
Let v(j) = -1135*j - 28403. Determine v(-25).
-28
Let c(h) = -h**3 - 64*h**2 - 106*h - 2717. Give c(-63).
-8
Let d(g) = -149*g + 1956. Give d(13).
19
Let n(m) = -m**3 - 28*m**2 + 399*m + 11822. Give n(-23).
0
Let t(o) = -o**3 + 2*o**2 - 22*o + 7. Give t(0).
7
Let f(v) = -16*v**2 + 5*v - 66. Give f(0).
-66
Let k(o) = o**3 + 105*o**2 + 300*o - 659. Determine k(-102).
-47
Let f(a) = -4*a**3 + 93*a**2 - 9*a - 18. Determine f(23).
304
Let o(h) = 3*h**2 - 6*h + 9. Give o(5).
54
Let y(p) = -p**3 - 3*p**2 + 49*p - 45. Calculate y(4).
39
Let w(q) = -4*q**2 + 68*q + 567. What is w(-12)?
-825
Let v(w) = w**3 - 36*w**2 + 15*w - 29. Calculate v(35).
-729
Let s(c) = 76*c - 4564. Give s(60).
-4
Let p(c) = 11*c**2 - 38*c - 103. Determine p(-3).
110
Let j(v) = v**3 + 2*v**2 - 43*v + 77. Calculate j(4).
1
Let y(i) = -i**3 + 2*i**2 + 10*i + 5. Determine y(-1).
-2
Let c(d) = -d**3 - 8*d**2 - 94*d - 433. Give c(-5).
-38
Let i(r) = 165*r + 399. Calculate i(-2).
69
Let o(g) = -464*g - 7408. Determine o(-16).
16
Let d(k) = -k**3 - 28*k**2 - 63*k - 268. Give d(-26).
18
Let c(n) = -95*n + 764. Calculate c(7).
99
Let m(s) = s**2 + 46*s + 27. Give m(-7).
-246
Let j(i) = -46*i - 14. Give j(0).
-14
Let n(d) = -3*d**2 + 140*d + 825. Give n(52).
-7
Let a(s) = 4*s**3 + 137*s**2 + 30*s - 150. Determine a(-34).
-14
Let z(v) = 310*v + 970. Give z(-3).
40
Let a(i) = -528*i - 4757. What is a(-9)?
-5
Let p(w) = -8*w**3 + 206*w**2 + 47*w + 119. What is p(26)?
-11
Let f(g) = 2*g**3 + 38*g**2 - 62. Give f(-19).
-62
Let k(j) = 39*j + 4298. What is k(-110)?
8
Let x(y) = -424*y - 7326. Calculate x(-17).
-118
Let u(k) = -k**2 - 36*k - 110. Calculate u(-23).
189
Let l(p) = 91*p**2 + 1094*p + 24. What is l(-12)?
0
Let p(n) = 10*n - 103. Determine p(5).
-53
Let y(m) = -44*m**2 - 924*m + 10.